{"id":12,"date":"2019-05-01T03:43:34","date_gmt":"2019-05-01T03:43:34","guid":{"rendered":"http:\/\/espanol.fundacionlanin33.org.ar\/?page_id=12"},"modified":"2025-11-20T14:34:28","modified_gmt":"2025-11-20T14:34:28","slug":"presentacion","status":"publish","type":"page","link":"https:\/\/espanol.fundacionlanin33.org.ar\/","title":{"rendered":"Fundaci\u00f3n LANIN"},"content":{"rendered":"\t\t<div data-elementor-type=\"wp-post\" data-elementor-id=\"12\" class=\"elementor elementor-12\" data-elementor-post-type=\"page\">\n\t\t\t\t\t\t<section class=\"elementor-section elementor-top-section elementor-element elementor-element-6fbc722 elementor-section-boxed elementor-section-height-default elementor-section-height-default\" data-id=\"6fbc722\" data-element_type=\"section\" data-e-type=\"section\">\n\t\t\t\t\t\t<div class=\"elementor-container elementor-column-gap-default\">\n\t\t\t\t\t<div class=\"elementor-column elementor-col-100 elementor-top-column elementor-element elementor-element-7f4c2e0\" data-id=\"7f4c2e0\" data-element_type=\"column\" data-e-type=\"column\">\n\t\t\t<div class=\"elementor-widget-wrap elementor-element-populated\">\n\t\t\t\t\t\t<div class=\"elementor-element elementor-element-b842fd5 elementor-widget__width-initial elementor-widget elementor-widget-text-editor\" data-id=\"b842fd5\" data-element_type=\"widget\" data-e-type=\"widget\" data-widget_type=\"text-editor.default\">\n\t\t\t\t<div class=\"elementor-widget-container\">\n\t\t\t\t\t\t\t\t\t<p><span style=\"color: #0000ff;\"><strong>Presentaci\u00f3n \u2013 Fundaci\u00f3n LANIN<\/strong><\/span><\/p><p style=\"text-align: left;\"><span style=\"color: #0000ff;\">La Fundaci\u00f3n LANIN es una organizaci\u00f3n sin fines de lucro nacida en Argentina que, desde hace m\u00e1s de 14 a\u00f1os, lleva adelante actividades destinadas al <strong>Despertar de la Conciencia y la sanaci\u00f3n espiritual de los seres humanos.<\/strong><\/span><\/p><p style=\"text-align: left;\"><span style=\"color: #0000ff;\">El <strong>Despertar de la Conciencia a la Verdad<\/strong> es vivencial y ocurre al ordenarnos tanto en el sistema familiar como en el sistema c\u00f3smico, a los cuales todos pertenecemos, y al mantener la mente ordenada.<\/span><\/p><p style=\"text-align: left;\"><span style=\"color: #0000ff;\">Fue <strong>fundada por pedido de Cristo<\/strong> para coordinar el proceso de Ascensi\u00f3n a escala planetaria que estamos transitando. Esta vez no viene encarnado: <strong>Su Segunda Venida es dentro del coraz\u00f3n de cada humano que elegimos regresar a Su Reino, vamos a despertar al Cristo interno y a ver a Cristo en todos,<\/strong> una vez que estemos ordenados a las Leyes de ambos sistemas, a los cuales todos pertenecemos, m\u00e1s la mente ordenada. <strong>Como no viene encarnado, pidi\u00f3 crear a la Fundaci\u00f3n LANIN, que es Su brazo de acci\u00f3n en la materia<\/strong>.<\/span><\/p><p style=\"text-align: left;\"><span style=\"color: #0000ff;\">Se organiza en tres pilares centrales:<\/span><\/p><ol style=\"text-align: left;\"><li><span style=\"color: #0000ff;\"><strong>Difusi\u00f3n y Medios:<\/strong> expansi\u00f3n del mensaje del Cielo para la humanidad.<\/span><\/li><li><span style=\"color: #0000ff;\"><strong>Recaudaci\u00f3n de Donaciones:<\/strong> la Fundaci\u00f3n no tiene fines de lucro; el dinero es necesario para poder materializar el Plan de Cristo en la Tierra.<\/span><\/li><li><span style=\"color: #0000ff;\"><strong>Encuentros vivenciales de Sanaci\u00f3n espiritual en presencia del Cielo\u00ae:<\/strong> se recibe y vivencia informaci\u00f3n Sagrada para vivir en Armon\u00eda, en sinton\u00eda con el proceso de Ascensi\u00f3n. Son a donaci\u00f3n voluntaria (sin tarifa) y se realizan semanalmente en distintas ciudades de Argentina y Uruguay. En esta actividad, aprendemos a ordenarnos a las Leyes tanto del sistema c\u00f3smico como del sistema familiar y a mantener la mente ordenada.<\/span><\/li><\/ol><p style=\"text-align: left;\"><span style=\"color: #0000ff;\">El medio central que el Cielo eligi\u00f3 para completar el Plan de Ascensi\u00f3n en la Tierra es la <strong>Subasta de Obras de Arte.<\/strong><\/span><\/p><p style=\"text-align: left;\"><span style=\"color: #0000ff;\">La Fundaci\u00f3n cuenta con dos Colecciones de Cuadros canalizados: la Colecci\u00f3n Central y la Segunda Colecci\u00f3n.<\/span><\/p><p style=\"text-align: left;\"><span style=\"color: #0000ff;\">Cada cuadro contiene Energ\u00eda Superior plasmada; el t\u00edtulo, la imagen y el texto de cada Obra son mensajes directos del Cielo para la humanidad sobre el proceso planetario que estamos transitando.<\/span><\/p><p style=\"text-align: left;\"><span style=\"color: #0000ff;\">La Colecci\u00f3n Central cuenta con un Cuadro \u00fanico en el mundo: la Obra \u201cJes\u00fas\u201d, con la imagen de Cristo en otra dimensi\u00f3n, como una se\u00f1al para los seres humanos de que todo lo que ocurre en la Fundaci\u00f3n pertenece a un Plan Divino, con Cristo al mando y humanos que cumplen roles. Pod\u00e9s visitar el video de la Obra en la solapa <strong>\u201cSerie de 3 videos y Cuadro: Jes\u00fas\u201d<\/strong> o en YouTube: Fundaci\u00f3n LANIN 33.<\/span><\/p><p style=\"text-align: left;\"><span style=\"color: #0000ff;\">El espacio geogr\u00e1fico elegido por el Cielo para el desarrollo de Su Plan es <strong>Argentina y Uruguay<\/strong> \u2014no argentinos y uruguayos, sino el territorio\u2014. Es la <strong>uni\u00f3n de todos en el Plan de Cristo<\/strong>, que es este: la <strong>Fundaci\u00f3n LANIN<\/strong>.<\/span><\/p><p style=\"text-align: left;\"><span style=\"color: #0000ff;\"><strong>Ascensi\u00f3n a escala planetaria<\/strong><\/span><\/p><p style=\"text-align: left;\"><span style=\"color: #0000ff;\">Los seres humanos que elegimos regresar al Reino de la Luz, a cuarta y quinta dimensi\u00f3n de Conciencia, estamos transitando el proceso de Ascensi\u00f3n a escala planetaria.<\/span><\/p><p style=\"text-align: left;\"><span style=\"color: #0000ff;\">Es lo que conocemos como \u201cregresar a Casa\u201d, reencontrarnos con nuestro Yo Superior, que permanece en quinta dimensi\u00f3n. Es la Ascensi\u00f3n de todo el Universo, que a nosotros nos toca vivir desde la Tierra. Nos excede el proceso\u2026<\/span><\/p><p style=\"text-align: left;\"><span style=\"color: #0000ff;\">La vida y la \u201cmuerte\u201d, como las conoc\u00edamos en tercera dimensi\u00f3n (3D \u2013 plano material), eran una <strong>ilusi\u00f3n para el aprendizaje<\/strong>.<\/span><br \/><span style=\"color: #0000ff;\">La Verdad es que <strong>somos seres de Luz eternos<\/strong>: todo es Luz, es energ\u00eda.<\/span><br \/><span style=\"color: #0000ff;\">Nadie nace y nadie \u201cmuere\u201d; simplemente <strong>dejamos el veh\u00edculo f\u00edsico<\/strong> que nos permiti\u00f3 el aprendizaje en la Tierra durante un tiempo.<\/span><br \/><span style=\"color: #0000ff;\">Todo sigue, eternamente.<\/span><\/p><p style=\"text-align: left;\"><span style=\"color: #0000ff;\">La Tierra va a ser <strong>limpiada y mejorada<\/strong>; esta vez le toca por el fuego.<\/span><br \/><span style=\"color: #0000ff;\">Se va a prender fuego toda la Tierra como un proceso hermoso de <strong>limpieza y transmutaci\u00f3n<\/strong>.<\/span><br \/><span style=\"color: #0000ff;\">Como no hay ning\u00fan veh\u00edculo f\u00edsico que pueda soportar la limpieza de un planeta, en 1992 se nos dio a elegir, a nivel del alma, <strong>qui\u00e9nes est\u00e1bamos listos para dejar de aprender por el sufrimiento y qui\u00e9nes no<\/strong>.<\/span><\/p><p style=\"text-align: left;\"><span style=\"color: #0000ff;\">De los que estamos encarnados, aproximadamente <strong>dos tercios (2\/3)<\/strong> eligieron la maldad y el apego a la materia.<\/span><br \/><span style=\"color: #0000ff;\">Unos <strong>5.200 millones de seres humanos<\/strong> saldr\u00e1n de la Tierra de manera traum\u00e1tica: por la <strong>tercera guerra mundial, nuclear y la \u00faltima<\/strong>, el <strong>descontrol clim\u00e1tico<\/strong> causado por las <strong>explosiones solares<\/strong>, y la <strong>hambruna<\/strong>.<\/span><br \/><span style=\"color: #0000ff;\">Son los tres motivos centrales por los cuales desencarnar\u00e1n esos 5.200 millones de seres humanos aproximadamente. Todos debemos dejar el veh\u00edculo f\u00edsico (desencarnar) en alg\u00fan aqu\u00ed y ahora.<\/span><\/p><p style=\"text-align: left;\"><span style=\"color: #0000ff;\">La diferencia, esta vez, es que ser\u00e1 <strong>a escala planetaria<\/strong>: todos debemos irnos del planeta porque la Tierra va a ser limpiada.<\/span><br \/><span style=\"color: #0000ff;\">Es la Ascensi\u00f3n de todo el Universo, y a nosotros nos toca vivirla desde la Tierra.<\/span><br \/><span style=\"color: #0000ff;\">Ellos tendr\u00e1n su proceso de Ascensi\u00f3n en aproximadamente <strong>2.000 a\u00f1os m\u00e1s<\/strong>, debido a que en esta oportunidad eligieron la maldad y el apego a la materia. El Libre Albedr\u00edo es una de las Leyes que rigen en todo el Universo y es respetada.<\/span><\/p><p style=\"text-align: left;\"><span style=\"color: #0000ff;\">El <strong>tercio restante (1\/3)<\/strong>, que dijimos S\u00ed a la Ascensi\u00f3n, tambi\u00e9n nos iremos, porque la Tierra ser\u00e1 limpiada.<\/span><br \/><span style=\"color: #0000ff;\">Nosotros nos vamos en <strong>Paz, Amor, Hermandad, Fraternidad y Conciencia<\/strong>, guiados por nuestros <strong>Hermanos Mayores<\/strong>.<\/span><br \/><span style=\"color: #0000ff;\">Sos vos\/tu, todos los que conocemos y todos los que ellos conocen: <strong>todos nosotros ascendemos al Reino de la Luz<\/strong>. Lo que queda ahora es confirmar en la Tierra lo que ya elegimos a nivel del alma.<\/span><br \/><span style=\"color: #0000ff;\">Dijimos S\u00ed a la Ascensi\u00f3n; ahora queda <strong>confirmarlo en la Tierra<\/strong>.<\/span><br \/><span style=\"color: #0000ff;\">La manera de hacerlo es <strong>ordenarse a las Leyes que rigen tanto en el sistema familiar como en el sistema c\u00f3smico<\/strong>, a los cuales todos pertenecemos, y mantener la <strong>mente ordenada<\/strong>.<\/span><\/p><p style=\"text-align: left;\"><span style=\"color: #0000ff;\">El resto de la humanidad que tambi\u00e9n eligi\u00f3 ascender y no est\u00e1 en un veh\u00edculo f\u00edsico \u2014es decir,\u00a0 desencarnados\u2014, tambi\u00e9n ir\u00e1 al Reino de la Luz. Ellos est\u00e1n haciendo el proceso de orden en el Cielo, en otro espacio del Universo. <strong>Vivos estamos tod@s<\/strong>, dado que no existe la muerte.<\/span><\/p><p style=\"text-align: left;\"><span style=\"color: #0000ff;\"><strong>Conciencia del proceso global<\/strong><\/span><\/p><p style=\"text-align: left;\"><span style=\"color: #0000ff;\">El Cielo nos baja Conciencia sobre el proceso global que la raza humana estamos transitando, para que estemos tranquilos cuando eso ocurra.<\/span><\/p><p style=\"text-align: left;\"><span style=\"color: #0000ff;\">Todos debemos dejar la Tierra, porque ning\u00fan veh\u00edculo f\u00edsico puede soportar la limpieza de un planeta. No importa lo que opinemos: en alg\u00fan momento todos tenemos que dejar el veh\u00edculo f\u00edsico.<\/span><\/p><p style=\"text-align: left;\"><span style=\"color: #0000ff;\">La diferencia, a otras veces, es que esta vez nos tenemos que ir todos del planeta, porque la Tierra va a ser limpiada. Son dos procesos opuestos, simult\u00e1neos y ocurriendo a la vez: quienes repiten no se enteran de la <strong>Ascensi\u00f3n al Reino de la Luz,<\/strong> y quienes vamos al Reino de Cristo no vivimos el proceso doloroso en nuestro campo de acci\u00f3n; solo lo veremos por los medios de comunicaci\u00f3n, a trav\u00e9s de las pantallas electr\u00f3nicas.<\/span><\/p><p style=\"text-align: left;\"><span style=\"color: #0000ff;\">Ambos son procesos, sin prisa y sin pausa.<\/span><\/p><p style=\"text-align: left;\"><span style=\"color: #0000ff;\"><strong>Las Leyes que rigen en ambos sistemas<\/strong><\/span><\/p><p style=\"text-align: left;\"><span style=\"color: #0000ff;\"><strong>Leyes del sistema c\u00f3smico:<\/strong><\/span><\/p><ol style=\"text-align: left;\"><li><span style=\"color: #0000ff;\">Ley de Jerarqu\u00eda y Libre Albedr\u00edo.<\/span><\/li><li><span style=\"color: #0000ff;\">Ley de Balance.<\/span><\/li><li><span style=\"color: #0000ff;\">Ley de Pertenencia.<\/span><\/li><\/ol><p style=\"text-align: left;\"><span style=\"color: #0000ff;\"><strong>Leyes del sistema familiar:<\/strong><\/span><\/p><ol style=\"text-align: left;\"><li><span style=\"color: #0000ff;\">Ley de Jerarqu\u00eda.<\/span><\/li><li><span style=\"color: #0000ff;\">Ley de Pertenencia.<\/span><\/li><li><span style=\"color: #0000ff;\">Ley de Balance.<\/span><\/li><\/ol><p style=\"text-align: left;\"><span style=\"color: #0000ff;\">Estas Leyes son <strong>todo lo que necesitamos conocer y aplicar<\/strong> para vivir en Armon\u00eda y confirmar la Ascensi\u00f3n.<\/span><br \/><span style=\"color: #0000ff;\">Sin embargo, no basta con estudiarlas: el Verdadero proceso ocurre <strong>cuando se vivencian y se respetan<\/strong>.<\/span><\/p><p style=\"text-align: left;\"><span style=\"color: #0000ff;\"><strong>Objetivo final<\/strong><\/span><\/p><p style=\"text-align: left;\"><span style=\"color: #0000ff;\">El objetivo final de la <strong>Fundaci\u00f3n LANIN<\/strong> es la creaci\u00f3n de un Centro de Meditaci\u00f3n, sanaci\u00f3n espiritual y ascensi\u00f3n planetaria en Jun\u00edn de los Andes, Neuqu\u00e9n, Argentina, que ser\u00e1 un Faro de Luz para todo el mundo. El Cielo ya eligi\u00f3 un terreno a 8 kil\u00f3metros de esa ciudad.<\/span><\/p><p style=\"text-align: left;\"><span style=\"color: #0000ff;\">Cuando la Fundaci\u00f3n tome posesi\u00f3n de esas tierras, se abrir\u00e1n cuatro v\u00f3rtices centrales para iluminar el planeta, despertar a la masa cr\u00edtica y servir como lugar de evacuaci\u00f3n.<\/span><\/p><p style=\"text-align: left;\"><span style=\"color: #0000ff;\">Una vez que estemos todos ordenados y hayamos recibido a Cristo en nuestro coraz\u00f3n, evacuamos por ese terreno en tubos de Ascensi\u00f3n hacia planetas de cuarta (4D) y quinta dimensi\u00f3n (5D).<\/span><\/p><p style=\"text-align: left;\"><span style=\"color: #0000ff;\"><strong>C\u00f3mo trabaja la Fundaci\u00f3n actualmente<\/strong><\/span><\/p><p style=\"text-align: left;\"><span style=\"color: #0000ff;\">La Fundaci\u00f3n LANIN organiza Encuentros de<strong> Sanaci\u00f3n espiritual en presencia del Cielo\u00ae<\/strong>, una herramienta de planos Superiores de Conciencia para que los seres humanos sepamos qu\u00e9 hacer para vivir en Armon\u00eda y confirmar la Ascensi\u00f3n.<\/span><\/p><p style=\"text-align: left;\"><span style=\"color: #0000ff;\">En cada Encuentro se experimenta, de manera auditiva, visual y vivencial, c\u00f3mo ordenarse a las Leyes que rigen en ambos sistemas \u2014c\u00f3smico y familiar\u2014 para Despertar la Conciencia y ordenar el alma hacia la Santidad.<\/span><\/p><p style=\"text-align: left;\"><span style=\"color: #0000ff;\">No es obligatorio asistir a un encuentro (aunque todos son una gran Bendici\u00f3n).<\/span><\/p><p style=\"text-align: left;\"><span style=\"color: #0000ff;\">La Fundaci\u00f3n pone a disposici\u00f3n una Serie de tres videos, donde se explican las Leyes de cada sistema en detalle y c\u00f3mo llevarlas a la vida cotidiana. Est\u00e1 disponible en YouTube y en la solapa <strong>\u201cSerie de 3 Videos y Cuadro: Jes\u00fas\u201d<\/strong> de esta web.<\/span><\/p><p style=\"text-align: left;\"><span style=\"color: #0000ff;\">Adem\u00e1s, el Libro Online <strong>\u201cMeditaci\u00f3n, sanaci\u00f3n espiritual y ascensi\u00f3n planetaria\u201d<\/strong> describe estas Leyes con claridad y profundidad, brindando una gu\u00eda esencial para quienes desean Despertar la Conciencia y alinearse a la Ascensi\u00f3n planetaria que todos estamos transitando.<\/span><\/p><p style=\"text-align: left;\"><span style=\"color: #0000ff;\">Desde el a\u00f1o 2012, y a lo largo de 14 a\u00f1os de trabajo sostenido, esta Herramienta ha sido puesta al servicio de la humanidad de forma concreta, en Encuentros vivenciales desarrollados en distintas ciudades de Argentina y Uruguay.<\/span><\/p><p style=\"text-align: left;\"><span style=\"color: #0000ff;\">No se trata de una creencia, sino de experiencias reales y medibles: m\u00e1s de 13.000 seres humanos participaron de estos Encuentros, vivenciando la sanaci\u00f3n en el alma en tiempo real.<\/span><\/p><p style=\"text-align: left;\"><span style=\"color: #0000ff;\">Lo fundamental es tener la informaci\u00f3n necesaria para continuar el proceso de orden de manera privada, sagrada y directa con el Cielo. El proceso es sin intermediarios humanos.<\/span><\/p><p style=\"text-align: left;\"><span style=\"color: #0000ff;\"><strong>No hay magia: hay Leyes absolutas, creadas para que todos estemos bien.<\/strong><\/span><\/p><p style=\"text-align: left;\"><span style=\"color: #0000ff;\">Ya est\u00e1 lista la Energ\u00eda para dejar de aprender por el sufrimiento y comenzar el aprendizaje guiados por el Cielo, con Cristo al mando.<\/span><\/p><p style=\"text-align: left;\"><span style=\"color: #0000ff;\">Sumate a participar: la Fundaci\u00f3n nos necesita como canales.<\/span><\/p><p style=\"text-align: left;\"><span style=\"color: #0000ff;\"><strong>Nos une el mismo Camino hacia el Reino de la Luz, hacia el Reino de Cristo.<\/strong><\/span><\/p><p style=\"text-align: left;\"><span style=\"color: #0000ff;\">Bendiciones para todos.<\/span><\/p>\t\t\t\t\t\t\t\t<\/div>\n\t\t\t\t<\/div>\n\t\t\t\t<div class=\"elementor-element elementor-element-c249ffa elementor-widget elementor-widget-image\" data-id=\"c249ffa\" data-element_type=\"widget\" data-e-type=\"widget\" data-widget_type=\"image.default\">\n\t\t\t\t<div class=\"elementor-widget-container\">\n\t\t\t\t\t\t\t\t\t\t\t\t\t\t\t<img fetchpriority=\"high\" decoding=\"async\" width=\"768\" height=\"644\" src=\"https:\/\/espanol.fundacionlanin33.org.ar\/wp-content\/uploads\/2025\/05\/Eleccion-1-768x644.png\" class=\"attachment-medium_large size-medium_large wp-image-3404\" alt=\"\" srcset=\"https:\/\/espanol.fundacionlanin33.org.ar\/wp-content\/uploads\/2025\/05\/Eleccion-1-768x644.png 768w, https:\/\/espanol.fundacionlanin33.org.ar\/wp-content\/uploads\/2025\/05\/Eleccion-1-300x251.png 300w, https:\/\/espanol.fundacionlanin33.org.ar\/wp-content\/uploads\/2025\/05\/Eleccion-1.png 940w\" sizes=\"(max-width: 768px) 100vw, 768px\" \/>\t\t\t\t\t\t\t\t\t\t\t\t\t\t\t<\/div>\n\t\t\t\t<\/div>\n\t\t\t\t\t<\/div>\n\t\t<\/div>\n\t\t\t\t\t<\/div>\n\t\t<\/section>\n\t\t\t\t<\/div>\n\t\t","protected":false},"excerpt":{"rendered":"<p>Presentaci\u00f3n \u2013 Fundaci\u00f3n LANIN La Fundaci\u00f3n LANIN es una organizaci\u00f3n sin fines de lucro nacida en Argentina que, desde hace m\u00e1s de 14 a\u00f1os, lleva adelante actividades destinadas al Despertar de la Conciencia y la sanaci\u00f3n espiritual de los seres &hellip; <a href=\"https:\/\/espanol.fundacionlanin33.org.ar\/\">Continued<\/a><\/p>\n","protected":false},"author":1,"featured_media":0,"parent":0,"menu_order":0,"comment_status":"closed","ping_status":"closed","template":"page-fullwidth.php","meta":{"footnotes":""},"class_list":["post-12","page","type-page","status-publish","hentry"],"_links":{"self":[{"href":"https:\/\/espanol.fundacionlanin33.org.ar\/index.php?rest_route=\/wp\/v2\/pages\/12","targetHints":{"allow":["GET"]}}],"collection":[{"href":"https:\/\/espanol.fundacionlanin33.org.ar\/index.php?rest_route=\/wp\/v2\/pages"}],"about":[{"href":"https:\/\/espanol.fundacionlanin33.org.ar\/index.php?rest_route=\/wp\/v2\/types\/page"}],"author":[{"embeddable":true,"href":"https:\/\/espanol.fundacionlanin33.org.ar\/index.php?rest_route=\/wp\/v2\/users\/1"}],"replies":[{"embeddable":true,"href":"https:\/\/espanol.fundacionlanin33.org.ar\/index.php?rest_route=%2Fwp%2Fv2%2Fcomments&post=12"}],"version-history":[{"count":122,"href":"https:\/\/espanol.fundacionlanin33.org.ar\/index.php?rest_route=\/wp\/v2\/pages\/12\/revisions"}],"predecessor-version":[{"id":3794,"href":"https:\/\/espanol.fundacionlanin33.org.ar\/index.php?rest_route=\/wp\/v2\/pages\/12\/revisions\/3794"}],"wp:attachment":[{"href":"https:\/\/espanol.fundacionlanin33.org.ar\/index.php?rest_route=%2Fwp%2Fv2%2Fmedia&parent=12"}],"curies":[{"name":"wp","href":"https:\/\/api.w.org\/{rel}","templated":true}]}}